{"id":24,"date":"2016-03-30T10:20:33","date_gmt":"2016-03-30T10:20:33","guid":{"rendered":"http:\/\/demo.wpcharming.com\/construction\/?page_id=13"},"modified":"2024-04-25T11:22:39","modified_gmt":"2024-04-25T11:22:39","slug":"home","status":"publish","type":"page","link":"https:\/\/www.kaufelektro.cz\/","title":{"rendered":"\u00davod"},"content":{"rendered":"<p>[vc_row row_type=&#8221;row_fullwidth_content&#8221; margin_top=&#8221;-80&#8243; padding_bottom=&#8221;0&#8243; class=&#8221;fit-screen&#8221;][vc_column][rev_slider_vc alias=&#8221;Home1&#8243;][\/vc_column][\/vc_row][vc_row row_type=&#8221;row_full_center_content&#8221; margin_top=&#8221;-119&#8243; padding_bottom=&#8221;50&#8243; class=&#8221;mobile-no-margin-top inverted-row&#8221;][vc_column width=&#8221;1\/3&#8243;]\n\t<div class=\"wpb_content_element featured-box \" >\n\t\t\t<div class=\"featured-box-thumb\"><a title=\"\" target=\"\" href=\"http:\/\/www.kaufelektro.cz\/index.php\/our-services\/\"><img decoding=\"async\" src=\"https:\/\/www.kaufelektro.cz\/wp-content\/uploads\/2016\/03\/banner-1elektroinstalace.jpg\"><\/a>\n\t\t\t<\/div>\n\t\t\t<div class=\"featured-box-content\"><h4>Kompletn\u00ed elektroinstalace<\/h4>\n\t\t\t\t\t<div class=\"featured-box-desc\"><p>Prov\u00e1d\u00edme kompletn\u00ed elektroinstalace budov. Zajist\u00edme v\u0161e od projektov\u00e9 dokumentace a povolen\u00ed, p\u0159es mont\u00e1\u017e, a\u017e po revizn\u00ed kontroly.<\/p>\n\t\t\t\t\t<\/div>\n\t\t\t\t\t<div class=\"featured-box-button\">\n\t\t\t\t\t\t<a title=\"\" target=\"\" href=\"http:\/\/www.kaufelektro.cz\/index.php\/our-services\/\" class=\"\">V\u00edce informac\u00ed<\/a>\n\t\t\t\t\t<\/div>\n\t\t\t<\/div>\n\t<\/div>[\/vc_column][vc_column width=&#8221;1\/3&#8243;]\n\t<div class=\"wpb_content_element featured-box \" >\n\t\t\t<div class=\"featured-box-thumb\"><a title=\"\" target=\"\" href=\"http:\/\/www.kaufelektro.cz\/index.php\/our-services\/\"><img decoding=\"async\" src=\"https:\/\/www.kaufelektro.cz\/wp-content\/uploads\/2016\/03\/banner-2rekonstrukce.jpg\"><\/a>\n\t\t\t<\/div>\n\t\t\t<div class=\"featured-box-content\"><h4>Realizace staveb<\/h4>\n\t\t\t\t\t<div class=\"featured-box-desc\"><p>Zam\u011b\u0159ujeme se na v\u00fdstavbu a rekonstrukce jak rodinn\u00fdch nebo bytov\u00fdch dom\u016f, tak i adminstrativn\u00edch budov, obchodn\u00edch pas\u00e1\u017e\u00ed a kancel\u00e1\u0159\u00ed firem. <\/p>\n\t\t\t\t\t<\/div>\n\t\t\t\t\t<div class=\"featured-box-button\">\n\t\t\t\t\t\t<a title=\"\" target=\"\" href=\"http:\/\/www.kaufelektro.cz\/index.php\/our-services\/\" class=\"\">V\u00edce informac\u00ed<\/a>\n\t\t\t\t\t<\/div>\n\t\t\t<\/div>\n\t<\/div>[\/vc_column][vc_column width=&#8221;1\/3&#8243;]\n\t<div class=\"wpb_content_element featured-box \" >\n\t\t\t<div class=\"featured-box-thumb\"><a title=\"\" target=\"\" href=\"http:\/\/www.kaufelektro.cz\/index.php\/our-services\/\"><img decoding=\"async\" src=\"https:\/\/www.kaufelektro.cz\/wp-content\/uploads\/2016\/03\/banner-3techsluzby.jpg\"><\/a>\n\t\t\t<\/div>\n\t\t\t<div class=\"featured-box-content\"><h4>Technick\u00e9 slu\u017eby a \u00fadr\u017eba<\/h4>\n\t\t\t\t\t<div class=\"featured-box-desc\"><p>Jsme p\u0159ipraveni v\u00e1m pomoci s technick\u00fdmi z\u00e1le\u017eitostmi, za\u0159\u00eddit r\u016fzn\u00e1 povolen\u00ed a pod\u00e1n\u00ed \u017e\u00e1dost\u00ed, ale i poz\u00e1ru\u010dn\u00ed servis, poradenstv\u00ed a \u00fadr\u017ebu.<\/p>\n\t\t\t\t\t<\/div>\n\t\t\t\t\t<div class=\"featured-box-button\">\n\t\t\t\t\t\t<a title=\"\" target=\"\" href=\"http:\/\/www.kaufelektro.cz\/index.php\/our-services\/\" class=\"\">V\u00edce informac\u00ed<\/a>\n\t\t\t\t\t<\/div>\n\t\t\t<\/div>\n\t<\/div>[\/vc_column][\/vc_row][vc_row row_type=&#8221;row_full_center_content&#8221; padding_top=&#8221;50&#8243; padding_bottom=&#8221;50&#8243;][vc_column]\n\t<div class=\"custom-heading wpb_content_element \">\n\t\t<h2 class=\"heading-title\" >Certifikace a osv\u011bd\u010den\u00ed<\/h2>\n\t\t<span class=\"heading-line primary\"><\/span>\n\t<\/div>[vc_row_inner][vc_column_inner width=&#8221;1\/3&#8243;]\n\t<div class=\"iconbox-wrapper  text-center\">\n\t\t<div class=\"iconbox-icon\">\n\t\t\t\t<i class=\"fa fa-bolt \" style=\"color: #777777;font-size:70px;\"><\/i>\n\t\t<\/div>\n\t\t<h4 class=\"iconbox-heading\">\n\t\t\t\t<a href=\"\">Akreditace<\/a>\n\t\t<\/h4>\n\t\t\t<div class=\"iconbox-desc\">\n\t\t\t\t<p>Mont\u00e1\u017ee, revize a zkou\u0161ky elektrick\u00fdch za\u0159\u00edzen\u00ed.<\/p>\n\t\t\t<\/div>\n\t<\/div>[\/vc_column_inner][vc_column_inner width=&#8221;1\/3&#8243;]\n\t<div class=\"iconbox-wrapper  text-center\">\n\t\t<div class=\"iconbox-icon\">\n\t\t\t\t<i class=\"fa fa-file-pdf-o \" style=\"color: #777777;font-size:70px;\"><\/i>\n\t\t<\/div>\n\t\t<h4 class=\"iconbox-heading\">Osv\u011bd\u010den\u00ed pro revize\n\t\t<\/h4>\n\t\t\t<div class=\"iconbox-desc\">\n\t\t\t\t<p>Prov\u00e1d\u011bn\u00ed reviz\u00ed vyhrazen\u00fdch elektrick\u00fdch za\u0159\u00edzen\u00ed<\/p>\n\t\t\t<\/div>\n\t<\/div>[\/vc_column_inner][vc_column_inner width=&#8221;1\/3&#8243;]\n\t<div class=\"iconbox-wrapper  text-center\">\n\t\t<div class=\"iconbox-icon\">\n\t\t\t\t<i class=\"fa fa-building-o \" style=\"color: #777777;font-size:70px;\"><\/i>\n\t\t<\/div>\n\t\t<h4 class=\"iconbox-heading\">Technick\u00e9 osv\u011bd\u010den\u00ed\n\t\t<\/h4>\n\t\t\t<div class=\"iconbox-desc\">\n\t\t\t\t<p>Prov\u00e1d\u011bn\u00ed n\u00e1vrhu a technick\u00e9 dokumentace staveb.<\/p>\n\t\t\t<\/div>\n\t<\/div>[\/vc_column_inner][\/vc_row_inner][\/vc_column][\/vc_row][vc_row row_type=&#8221;row_full_center_content&#8221; bg_image=&#8221;1102&#8243; row_parallax=&#8221;false&#8221; row_text_color=&#8221;row_text_light&#8221; padding_top=&#8221;150&#8243; padding_bottom=&#8221;150&#8243;][vc_column width=&#8221;2\/3&#8243; css=&#8221;.vc_custom_1528264239618{margin-right: 0px !important;margin-left: 0px !important;}&#8221;][vc_column_text]<\/p>\n<h5 class=\"medium-heading-inverted\"><em>\u00a0<\/em><\/h5>\n<h1 class=\"large-heading-inverted\"><strong>KVALITA<br \/>\nSPOJEN\u00c1 S TRADIC\u00cd<br \/>\n<\/strong><\/h1>\n<h5 class=\"medium-heading-inverted\">ji\u017e od roku\u00a02001 POM\u00c1H\u00c1ME S REALIZAC\u00cd VA\u0160ICH PL\u00c1N\u016e A PROJEKT\u016e<\/h5>\n<p>[\/vc_column_text][vc_button title=&#8221;Kontaktujte n\u00e1s&#8221; color=&#8221;ghost&#8221; margin_top=&#8221;-20&#8243; link=&#8221;url:http%3A%2F%2Fwww.kaufelektro.cz%2Findex.php%2Fcontact-us%2F||&#8221;][\/vc_column][vc_column width=&#8221;1\/3&#8243;][\/vc_column][\/vc_row][vc_row row_type=&#8221;row_full_center_content&#8221; padding_top=&#8221;60&#8243;][vc_column]\n\t<div class=\"custom-heading wpb_content_element \">\n\t\t<h2 class=\"heading-title\" >Nab\u00edzen\u00e9 slu\u017eby<\/h2>\n\t\t<span class=\"heading-line primary\"><\/span>\n\t<\/div>\n\t<div class=\"child-page-wrapper children-custom-class\">\n\t\t\t<script type=\"text\/javascript\">\n\t\t\t\tjQuery(document).ready(function(){\n\t\t\t\t\t\"use strict\";\n\t\t\t\t\tjQuery(\".carousel-wrapper-69fdc5ea222d3\").slick({\n\t\t\t\t\t\trtl: false,\n\t\t\t\t\t\tslidesToShow: 3,\n                        autoplay: false ,\n                        autoplaySpeed: 3000 ,\n                        speed: 300 ,\n\t\t\t\t\t\tslidesToScroll: 1,\n\t\t\t\t\t\tdraggable: false,\n\t\t\t\t\t\tprevArrow: \"<span class='carousel-prev'><i class='fa fa-angle-left'><\/i><\/span>\",\n        \t\t\t\tnextArrow: \"<span class='carousel-next'><i class='fa fa-angle-right'><\/i><\/span>\",\n        \t\t\t\tresponsive: [{\n\t\t\t\t\t\t    breakpoint: 1024,\n\t\t\t\t\t\t    settings: {\n\t\t\t\t\t\t    slidesToShow: 3\n\t\t\t\t\t\t    }\n\t\t\t\t\t\t},\n\t\t\t\t\t\t{\n\t\t\t\t\t\t    breakpoint: 600,\n\t\t\t\t\t\t    settings: {\n\t\t\t\t\t\t    slidesToShow: 2\n\t\t\t\t\t\t    }\n\t\t\t\t\t\t},\n\t\t\t\t\t\t{\n\t\t\t\t\t\t    breakpoint: 480,\n\t\t\t\t\t\t    settings: {\n\t\t\t\t\t\t    slidesToShow: 1\n\t\t\t\t\t\t    }\n\t\t\t\t\t\t}]\n\t\t\t\t\t});\n\t\t\t\t});\n\t\t\t<\/script>\n\t\t<div class=\"grid-wrapper grid-3-columns grid-row carousel-wrapper-69fdc5ea222d3\">\n\t\t\t<div class=\"grid-item grid-sm-6 grid-md-4\">\n\t\t\t\t<div class=\"grid-thumbnail\">\n\t\t\t\t\t<a href=\"https:\/\/www.kaufelektro.cz\/index.php\/our-services\/elektro-prace\/\" title=\"Elektro pr\u00e1ce\"><img loading=\"lazy\" decoding=\"async\" width=\"600\" height=\"300\" src=\"https:\/\/www.kaufelektro.cz\/wp-content\/uploads\/2018\/06\/kaufelektro-electric-1080584_900-web-600x300.jpg\" class=\"attachment-medium-thumb size-medium-thumb wp-post-image\" alt=\"\" srcset=\"https:\/\/www.kaufelektro.cz\/wp-content\/uploads\/2018\/06\/kaufelektro-electric-1080584_900-web-600x300.jpg 600w, https:\/\/www.kaufelektro.cz\/wp-content\/uploads\/2018\/06\/kaufelektro-electric-1080584_900-web-400x200.jpg 400w, https:\/\/www.kaufelektro.cz\/wp-content\/uploads\/2018\/06\/kaufelektro-electric-1080584_900-web-800x400.jpg 800w\" sizes=\"(max-width: 600px) 100vw, 600px\" \/><\/a>\n\t\t\t\t<\/div>\n\t\t\t\t<h3 class=\"grid-title\"><a href=\"https:\/\/www.kaufelektro.cz\/index.php\/our-services\/elektro-prace\/\" rel=\"bookmark\">Elektro pr\u00e1ce<\/a><\/h3>\n\n\t\t\t\t<p>Prov\u00e1d\u00edme kompletn\u00ed elektroinstalace budov. Zajist\u00edme v\u0161e od projektov\u00e9 dokumentace a povolen\u00ed, p\u0159es mont\u00e1\u017e, a\u017e po revizn\u00ed kontroly.<\/p>\n\n\t\t\t\t<a class=\"grid-more\" href=\"https:\/\/www.kaufelektro.cz\/index.php\/our-services\/elektro-prace\/\" title=\"Elektro pr\u00e1ce\">.<\/a>\n\n\t\t\t<\/div>\n\t\t\t\n\t\t\t<div class=\"grid-item grid-sm-6 grid-md-4\">\n\t\t\t\t<div class=\"grid-thumbnail\">\n\t\t\t\t\t<a href=\"https:\/\/www.kaufelektro.cz\/index.php\/our-services\/zednicke-prace\/\" title=\"Zednick\u00e9 pr\u00e1ce\"><img loading=\"lazy\" decoding=\"async\" width=\"600\" height=\"300\" src=\"https:\/\/www.kaufelektro.cz\/wp-content\/uploads\/2024\/04\/zednickeprace_900-web24-600x300.jpg\" class=\"attachment-medium-thumb size-medium-thumb wp-post-image\" alt=\"zednicke prace\" srcset=\"https:\/\/www.kaufelektro.cz\/wp-content\/uploads\/2024\/04\/zednickeprace_900-web24-600x300.jpg 600w, https:\/\/www.kaufelektro.cz\/wp-content\/uploads\/2024\/04\/zednickeprace_900-web24-400x200.jpg 400w, https:\/\/www.kaufelektro.cz\/wp-content\/uploads\/2024\/04\/zednickeprace_900-web24-800x400.jpg 800w\" sizes=\"(max-width: 600px) 100vw, 600px\" \/><\/a>\n\t\t\t\t<\/div>\n\t\t\t\t<h3 class=\"grid-title\"><a href=\"https:\/\/www.kaufelektro.cz\/index.php\/our-services\/zednicke-prace\/\" rel=\"bookmark\">Zednick\u00e9 pr\u00e1ce<\/a><\/h3>\n\n\t\t\t\t<p>Prov\u00e1d\u00edme spolehliv\u00e9 zednick\u00e9 pr\u00e1ce, rodinn\u00e9 domy na kl\u00ed\u010d, rekonstrukce, zateplen\u00ed fas\u00e1d, z\u00e1mkov\u00e9 dla\u017eby a obklady, dla\u017eby, v\u00fdkopov\u00e9, instalat\u00e9rsk\u00e9 pr\u00e1ce...<\/p>\n\n\t\t\t\t<a class=\"grid-more\" href=\"https:\/\/www.kaufelektro.cz\/index.php\/our-services\/zednicke-prace\/\" title=\"Zednick\u00e9 pr\u00e1ce\">.<\/a>\n\n\t\t\t<\/div>\n\t\t\t\n\t\t\t<div class=\"grid-item grid-sm-6 grid-md-4\">\n\t\t\t\t<div class=\"grid-thumbnail\">\n\t\t\t\t\t<a href=\"https:\/\/www.kaufelektro.cz\/index.php\/our-services\/bouraci-prace\/\" title=\"Bourac\u00ed pr\u00e1ce\"><img loading=\"lazy\" decoding=\"async\" width=\"600\" height=\"300\" src=\"https:\/\/www.kaufelektro.cz\/wp-content\/uploads\/2018\/06\/kaufelektro-demolition-855079_900-web-600x300.jpg\" class=\"attachment-medium-thumb size-medium-thumb wp-post-image\" alt=\"\" srcset=\"https:\/\/www.kaufelektro.cz\/wp-content\/uploads\/2018\/06\/kaufelektro-demolition-855079_900-web-600x300.jpg 600w, https:\/\/www.kaufelektro.cz\/wp-content\/uploads\/2018\/06\/kaufelektro-demolition-855079_900-web-400x200.jpg 400w, https:\/\/www.kaufelektro.cz\/wp-content\/uploads\/2018\/06\/kaufelektro-demolition-855079_900-web-800x400.jpg 800w\" sizes=\"(max-width: 600px) 100vw, 600px\" \/><\/a>\n\t\t\t\t<\/div>\n\t\t\t\t<h3 class=\"grid-title\"><a href=\"https:\/\/www.kaufelektro.cz\/index.php\/our-services\/bouraci-prace\/\" rel=\"bookmark\">Bourac\u00ed pr\u00e1ce<\/a><\/h3>\n\n\t\t\t\t<p>Bourac\u00ed pr\u00e1ce a demolice, zemn\u00ed pr\u00e1ce. Bourac\u00ed pr\u00e1ce prov\u00e1d\u00edme v\u010detn\u011b zpracov\u00e1n\u00ed a odstran\u011bn\u00ed zemin a sut\u00ed. Demolice mal\u00fdch a st\u0159edn\u00edch objekt\u016f.<\/p>\n\n\t\t\t\t<a class=\"grid-more\" href=\"https:\/\/www.kaufelektro.cz\/index.php\/our-services\/bouraci-prace\/\" title=\"Bourac\u00ed pr\u00e1ce\">.<\/a>\n\n\t\t\t<\/div>\n\t\t\t\n\t\t<\/div>\n\t<\/div>[\/vc_column][\/vc_row][vc_row row_type=&#8221;row_full_center_content&#8221; padding_top=&#8221;10&#8243; padding_bottom=&#8221;50&#8243;][vc_column width=&#8221;1\/2&#8243;]\n\t<div class=\"custom-heading wpb_content_element \">\n\t\t<h2 class=\"heading-title\" >Na\u0161i klienti<\/h2>\n\t\t<span class=\"heading-line primary\"><\/span>\n\t<\/div>[vc_column_text]<\/p>\n<table class=\"client-table\">\n<tbody>\n<tr>\n<td><a href=\"http:\/\/www.bata.cz\/\" target=\"_blank\" rel=\"noopener\"><img loading=\"lazy\" decoding=\"async\" class=\"aligncenter wp-image-1082 \" src=\"http:\/\/www.kaufelektro.cz\/wp-content\/uploads\/2016\/03\/bata-logo-ce.png\" alt=\"bata-logo-ce\" width=\"198\" height=\"45\" \/><\/a><\/td>\n<td><a href=\"http:\/\/www.galerie-vankovka.cz\/cz\" target=\"_blank\" rel=\"noopener\"><img loading=\"lazy\" decoding=\"async\" class=\" wp-image-1084 aligncenter\" src=\"http:\/\/www.kaufelektro.cz\/wp-content\/uploads\/2016\/03\/vankovka_300-300x200.png\" alt=\"vankovka_300\" width=\"200\" height=\"133\" \/><\/a><\/td>\n<td><img loading=\"lazy\" decoding=\"async\" class=\"alignnone wp-image-1144 size-full\" src=\"http:\/\/www.kaufelektro.cz\/wp-content\/uploads\/2016\/03\/blank100.png\" alt=\"blank100\" width=\"100\" height=\"70\" \/><\/td>\n<\/tr>\n<tr>\n<td><img loading=\"lazy\" decoding=\"async\" class=\"alignnone wp-image-1144 \" src=\"http:\/\/www.kaufelektro.cz\/wp-content\/uploads\/2016\/03\/blank100.png\" alt=\"blank100\" width=\"29\" height=\"20\" \/><\/td>\n<td><img loading=\"lazy\" decoding=\"async\" class=\"alignnone wp-image-1144 \" src=\"http:\/\/www.kaufelektro.cz\/wp-content\/uploads\/2016\/03\/blank100.png\" alt=\"blank100\" width=\"30\" height=\"21\" \/><\/td>\n<td><img loading=\"lazy\" decoding=\"async\" class=\"alignnone wp-image-1144\" src=\"http:\/\/www.kaufelektro.cz\/wp-content\/uploads\/2016\/03\/blank100.png\" alt=\"blank100\" width=\"23\" height=\"16\" \/><\/td>\n<\/tr>\n<\/tbody>\n<\/table>\n<p>[\/vc_column_text][\/vc_column][vc_column width=&#8221;1\/2&#8243;]\n\t<div class=\"custom-heading wpb_content_element \">\n\t\t<h2 class=\"heading-title\" >--<\/h2>\n\t\t<span class=\"heading-line primary\"><\/span>\n\t<\/div>\n\t<div class=\"testimonial_carousel_wrapper\">\n\t\t\t<script type=\"text\/javascript\">\n\t\t\t\tjQuery(document).ready(function(){\n\t\t\t\t\t\"use strict\";\n\t\t\t\t\tjQuery(\".testimonial_carousel_69fdc5ea23576\").slick({\n\t\t\t\t\t\trtl: false,\n\t\t\t\t\t\tautoplay: false ,\n\t\t\t\t\t\tautoplaySpeed: 3000 ,\n\t\t\t\t\t\tspeed: 300 ,\n\t\t\t\t\t\tslidesToShow: 1,\n\t\t\t\t\t\tslidesToScroll: 1,\n\t\t\t\t\t\tdraggable: false,\n\t\t\t\t\t\tprevArrow: \"<span class='carousel-prev'><i class='fa fa-angle-left'><\/i><\/span>\",\n        \t\t\t\tnextArrow: \"<span class='carousel-next'><i class='fa fa-angle-right'><\/i><\/span>\",\n\t\t\t\t\t});\n\t\t\t\t});\n\t\t\t<\/script>\n\t\t<div class=\"testimonial_carousel_69fdc5ea23576\">\n\t\t\t\t<div class=\"testimonial testimonial-item\">\n\t\t\t\t\t<div class=\"testimonial-content\">\n\t\t\t\t\t\t&#8230;<\/p>\n\t\t\t\t\t<\/div>\n\t\t\t\t\t<div class=\"testimonial-header clearfix\">\n\t\t\t\t\t\t<div class=\"testimonial-avatar\"><img decoding=\"async\" src=\"\" alt=\"-\"><\/div>\n\t\t\t\t\t\t<div class=\"testimonial-name font-heading\">-<\/div>\n\t\t\t\t\t<\/div>\n\t\t\t\t<\/div>\n\t\t\t\t<div class=\"testimonial testimonial-item\">\n\t\t\t\t\t<div class=\"testimonial-content\">\n\t\t\t\t\t\t<p>&#8230;<\/p>\n\t\t\t\t\t<\/div>\n\t\t\t\t\t<div class=\"testimonial-header clearfix\">\n\t\t\t\t\t\t<div class=\"testimonial-avatar\"><img decoding=\"async\" src=\"\" alt=\"-\"><\/div>\n\t\t\t\t\t\t<div class=\"testimonial-name font-heading\">-<\/div>\n\t\t\t\t\t<\/div>\n\t\t\t\t<\/div>\n\t\t\t\t<div class=\"testimonial testimonial-item\">\n\t\t\t\t\t<div class=\"testimonial-content\">\n\t\t\t\t\t\t<p>&#8230;\n\t\t\t\t\t<\/div>\n\t\t\t\t\t<div class=\"testimonial-header clearfix\">\n\t\t\t\t\t\t<div class=\"testimonial-avatar\"><img decoding=\"async\" src=\"\" alt=\"-\"><\/div>\n\t\t\t\t\t\t<div class=\"testimonial-name font-heading\">-<\/div>\n\t\t\t\t\t<\/div>\n\t\t\t\t<\/div>\n\t\t<\/div>\n\t<\/div>[\/vc_column][\/vc_row]<\/p>\n","protected":false},"excerpt":{"rendered":"<p>[vc_row row_type=&#8221;row_fullwidth_content&#8221; margin_top=&#8221;-80&#8243; padding_bottom=&#8221;0&#8243; class=&#8221;fit-screen&#8221;][vc_column][rev_slider_vc alias=&#8221;Home1&#8243;][\/vc_column][\/vc_row][vc_row row_type=&#8221;row_full_center_content&#8221; margin_top=&#8221;-119&#8243; padding_bottom=&#8221;50&#8243; class=&#8221;mobile-no-margin-top inverted-row&#8221;][vc_column width=&#8221;1\/3&#8243;][\/vc_column][vc_column width=&#8221;1\/3&#8243;][\/vc_column][vc_column width=&#8221;1\/3&#8243;][\/vc_column][\/vc_row][vc_row row_type=&#8221;row_full_center_content&#8221; padding_top=&#8221;50&#8243; padding_bottom=&#8221;50&#8243;][vc_column][vc_row_inner][vc_column_inner width=&#8221;1\/3&#8243;][\/vc_column_inner][vc_column_inner width=&#8221;1\/3&#8243;][\/vc_column_inner][vc_column_inner width=&#8221;1\/3&#8243;][\/vc_column_inner][\/vc_row_inner][\/vc_column][\/vc_row][vc_row row_type=&#8221;row_full_center_content&#8221; &#8230;<\/p>\n","protected":false},"author":1,"featured_media":0,"parent":0,"menu_order":0,"comment_status":"open","ping_status":"open","template":"","meta":{"footnotes":""},"class_list":["post-24","page","type-page","status-publish","hentry"],"_links":{"self":[{"href":"https:\/\/www.kaufelektro.cz\/index.php\/wp-json\/wp\/v2\/pages\/24"}],"collection":[{"href":"https:\/\/www.kaufelektro.cz\/index.php\/wp-json\/wp\/v2\/pages"}],"about":[{"href":"https:\/\/www.kaufelektro.cz\/index.php\/wp-json\/wp\/v2\/types\/page"}],"author":[{"embeddable":true,"href":"https:\/\/www.kaufelektro.cz\/index.php\/wp-json\/wp\/v2\/users\/1"}],"replies":[{"embeddable":true,"href":"https:\/\/www.kaufelektro.cz\/index.php\/wp-json\/wp\/v2\/comments?post=24"}],"version-history":[{"count":36,"href":"https:\/\/www.kaufelektro.cz\/index.php\/wp-json\/wp\/v2\/pages\/24\/revisions"}],"predecessor-version":[{"id":1223,"href":"https:\/\/www.kaufelektro.cz\/index.php\/wp-json\/wp\/v2\/pages\/24\/revisions\/1223"}],"wp:attachment":[{"href":"https:\/\/www.kaufelektro.cz\/index.php\/wp-json\/wp\/v2\/media?parent=24"}],"curies":[{"name":"wp","href":"https:\/\/api.w.org\/{rel}","templated":true}]}}