{"id":1169,"date":"2018-06-08T12:43:44","date_gmt":"2018-06-08T12:43:44","guid":{"rendered":"http:\/\/www.kaufelektro.cz\/?page_id=1169"},"modified":"2018-06-08T16:13:03","modified_gmt":"2018-06-08T16:13:03","slug":"doprava","status":"publish","type":"page","link":"https:\/\/www.kaufelektro.cz\/index.php\/our-services\/doprava\/","title":{"rendered":"Doprava, p\u016fj\u010dovna karavan\u016f a ubytov\u00e1n\u00ed"},"content":{"rendered":"<p>[vc_row padding_top=&#8221;0&#8243; padding_bottom=&#8221;0&#8243;][vc_column][vc_single_image image=&#8221;1144&#8243; img_size=&#8221;100&#215;5&#8243;][vc_column_text]<\/p>\n\n        <style type='text\/css'>\n            #gallery-1 .gallery-item {\n                float: left;\n                text-align: center;\n                width: 20%;\n                margin-bottom:0;\n            }\n            #gallery-1 img {\n            }\n            #gallery-1 .gallery-caption {\n                margin-left: 0;\n            }\n        <\/style>\n        <script type='text\/javascript'>\n        \tjQuery(document).ready(function() {\n\t\t\t\tjQuery('.galleryid-1169').magnificPopup({\n\t\t\t\t\tdelegate: '.gallery-item a',\n\t\t\t\t\ttype: 'image',\n\t\t\t\t\tgallery:{\n\t\t\t\t\t\tenabled:true\n\t\t\t\t\t},\n\t\t\t\t\tzoom: {\n\t\t\t\t\t\tenabled:true\n\t\t\t\t\t}\n\t\t\t\t});\n\t\t\t});\n        <\/script>\n\t\t<div id='gallery-1' class='gallery galleryid-1169 gallery-columns-5 gallery-size-medium-thumb gallery-lightbox'><dl class='gallery-item'>\n            <dt class='gallery-icon'>\n                <a href='https:\/\/www.kaufelektro.cz\/wp-content\/uploads\/2018\/06\/kaufelektro-electric-1080584_900-web.jpg'><img loading=\"lazy\" decoding=\"async\" width=\"600\" height=\"300\" src=\"https:\/\/www.kaufelektro.cz\/wp-content\/uploads\/2018\/06\/kaufelektro-electric-1080584_900-web-600x300.jpg\" class=\"attachment-medium-thumb size-medium-thumb\" alt=\"\" srcset=\"https:\/\/www.kaufelektro.cz\/wp-content\/uploads\/2018\/06\/kaufelektro-electric-1080584_900-web-600x300.jpg 600w, https:\/\/www.kaufelektro.cz\/wp-content\/uploads\/2018\/06\/kaufelektro-electric-1080584_900-web-400x200.jpg 400w, https:\/\/www.kaufelektro.cz\/wp-content\/uploads\/2018\/06\/kaufelektro-electric-1080584_900-web-800x400.jpg 800w\" sizes=\"(max-width: 600px) 100vw, 600px\" \/><\/a>\n            <\/dt><\/dl>\n            <div class=\"clear\"><\/div>\n        <\/div>\n\n<p>[\/vc_column_text][\/vc_column][\/vc_row][vc_row][vc_column width=&#8221;1\/2&#8243;][vc_column_text]<\/p>\n<h4>Zaji\u0161t\u011bn\u00ed<\/h4>\n<p>Text p\u0159ipravujeme.[\/vc_column_text][vc_column_text]<\/p>\n<h4>Koordinace<\/h4>\n<p>Text p\u0159ipravujeme.[\/vc_column_text][vc_accordion][vc_accordion_tab title=&#8221;Prvn\u00ed&#8221;][vc_column_text]Text p\u0159ipravujeme.[\/vc_column_text][\/vc_accordion_tab][vc_accordion_tab title=&#8221;Druh\u00e1&#8221;][vc_column_text]Text p\u0159ipravujeme.[\/vc_column_text][\/vc_accordion_tab][vc_accordion_tab title=&#8221;T\u0159et\u00ed&#8221;][vc_column_text]Text p\u0159ipravujeme.[\/vc_column_text][\/vc_accordion_tab][vc_accordion_tab title=&#8221;\u010ctvrt\u00e1&#8221;][vc_column_text]Text p\u0159ipravujeme.[\/vc_column_text][\/vc_accordion_tab][\/vc_accordion][\/vc_column][vc_column width=&#8221;1\/2&#8243;][vc_column_text]<\/p>\n<h4>Kontroly a hl\u00e1\u0161en\u00ed<\/h4>\n<p>Text p\u0159ipravujeme.[\/vc_column_text][vc_column_text]<\/p>\n<h4>Zhodnocen\u00ed<\/h4>\n<p>Text p\u0159ipravujeme.[\/vc_column_text][vc_column_text]<\/p>\n<h4>Service\u00a0bro\u017eura<\/h4>\n<p>Text p\u0159ipravujeme.<\/p>\n<p><a class=\"icon-button\" href=\"#\"><i class=\"fa fa-file-pdf-o\"><\/i> Service-bro\u017eura.PDF<\/a>[\/vc_column_text][\/vc_column][\/vc_row]<\/p>\n","protected":false},"excerpt":{"rendered":"<p>P\u016fj\u010dovna obytn\u00fdch voz\u016f a karavan\u016f. Zaji\u0161t\u011bn\u00ed dopravy. Pron\u00e1jem a zaji\u0161t\u011bn\u00ed ubytovac\u00edch prostor.<\/p>\n","protected":false},"author":1,"featured_media":1189,"parent":25,"menu_order":0,"comment_status":"closed","ping_status":"closed","template":"","meta":{"footnotes":""},"class_list":["post-1169","page","type-page","status-publish","has-post-thumbnail","hentry"],"_links":{"self":[{"href":"https:\/\/www.kaufelektro.cz\/index.php\/wp-json\/wp\/v2\/pages\/1169"}],"collection":[{"href":"https:\/\/www.kaufelektro.cz\/index.php\/wp-json\/wp\/v2\/pages"}],"about":[{"href":"https:\/\/www.kaufelektro.cz\/index.php\/wp-json\/wp\/v2\/types\/page"}],"author":[{"embeddable":true,"href":"https:\/\/www.kaufelektro.cz\/index.php\/wp-json\/wp\/v2\/users\/1"}],"replies":[{"embeddable":true,"href":"https:\/\/www.kaufelektro.cz\/index.php\/wp-json\/wp\/v2\/comments?post=1169"}],"version-history":[{"count":2,"href":"https:\/\/www.kaufelektro.cz\/index.php\/wp-json\/wp\/v2\/pages\/1169\/revisions"}],"predecessor-version":[{"id":1190,"href":"https:\/\/www.kaufelektro.cz\/index.php\/wp-json\/wp\/v2\/pages\/1169\/revisions\/1190"}],"up":[{"embeddable":true,"href":"https:\/\/www.kaufelektro.cz\/index.php\/wp-json\/wp\/v2\/pages\/25"}],"wp:featuredmedia":[{"embeddable":true,"href":"https:\/\/www.kaufelektro.cz\/index.php\/wp-json\/wp\/v2\/media\/1189"}],"wp:attachment":[{"href":"https:\/\/www.kaufelektro.cz\/index.php\/wp-json\/wp\/v2\/media?parent=1169"}],"curies":[{"name":"wp","href":"https:\/\/api.w.org\/{rel}","templated":true}]}}